{"id":4807,"date":"2015-10-08T15:17:24","date_gmt":"2015-10-08T13:17:24","guid":{"rendered":"https:\/\/knezevi-vinogradi.hr\/?page_id=4807"},"modified":"2015-10-13T14:15:18","modified_gmt":"2015-10-13T12:15:18","slug":"vorosmart","status":"publish","type":"page","link":"https:\/\/knezevi-vinogradi.hr\/hu\/onkormanyzat\/helysegek\/vorosmart\/","title":{"rendered":"V\u00f6r\u00f6smart"},"content":{"rendered":"<p>[vc_row][vc_column][vc_column_text]<\/p>\n<p>V\u00f6r\u00f6smart a harmadik legnagyobb telep\u00fcl\u00e9s a J\u00e1r\u00e1sban 974 lakossal, 16 utc\u00e1val (1. maja, Mar\u0161ala Tita, Dunavska, Mala Dunavska, Rajna, Mala Rajna, Ko\u0161ut Lajo\u0161a, Rak, Sportska, Jo\u017eef Atile, \u017deljezni\u010dka, Adi Endre, Va\u0161ari\u0161te, Ru\u017eina, Planina).<\/p>\n<p>V\u00f6r\u00f6smart gazdas\u00e1ga a mez\u0151gazdas\u00e1gi termel\u00e9sen alapul, f\u0151leg a messze f\u00f6ld\u00f6n is ismert bortermel\u00e9sen.A Baranyai hegy d\u00e9li oldal\u00e1n amely V\u00f6r\u00f6smarthoz tartozik a legjobb a felt\u00e9tel a kiv\u00e1l\u00f3 borok keszit\u00e9s\u00e9re.<\/p>\n<p>Bor\u00fatjai, a katolikus \u00e9s a reform\u00e1tus szurdok egyre gazdagabb k\u00edn\u00e1lattal v\u00e1rja a falusi turizmus ut\u00e1n v\u00e1gy\u00f3kat.A k\u00f6zs\u00e9g legismertebb bor\u00e1szai a Gerstm\u00e1jer csal\u00e1d, Josi\u0107 pinc\u00e9szet, Varga csal\u00e1d, \u010co\u010di\u0107 pinc\u00e9szet, \u00e9s m\u00e1s csal\u00e1dok, akik ap\u00e1r\u00f3l fi\u00fara adt\u00e1k \u00e1t a bor\u00e1szat titkait.A gasztron\u00f3miai szolg\u00e1ltat\u00e1s k\u00e9pvisel\u0151i k\u00f6z\u00fcl eml\u00edtj\u00fck a T\u0151ke Cs\u00e1rda, Monyorusi Vad\u00e1szh\u00e1z \u00e9s a Baranyai Udvar k\u00edn\u00e1lat\u00e1t.<\/p>\n<p>V\u00f6r\u00f6smarton nyolcoszt\u00e1lyos \u00e1ltal\u00e1nos iskola m\u0171k\u00f6dik magyar \u00e9s horv\u00e1t nyelven, valamint a Nyuszi \u00d3voda Tagozata is k\u00e9tnyelv\u0171.<\/p>\n<p>A kult\u00fara \u00e9s a sport m\u0171vel\u0151i k\u00f6z\u00fcl a J\u00f3zsef Attila M\u0171vel\u0151d\u00e9si Egyes\u00fcletet, a S\u00e1rk\u00e1ny Labdar\u00fag\u00f3 Kulbot \u00e9s a Horgy\u00e1sz Sporthorg\u00e1sz Egyes\u00fcletet eml\u00edtj\u00fck, mint a legnagyobb m\u00falttal rendelkez\u0151ket; rajtuk k\u00edv\u00fcl m\u00e1s egyes\u00fcletek is m\u0171k\u00f6dnek.<\/p>\n<p><em><strong>T\u00f6rt\u00e9nelem<\/strong><\/em><\/p>\n<p>Krisztus el\u0151tt V\u00f6r\u00f6smart ter\u00fclete limes menti r\u00f3mai kol\u00f3nia volt, akkori neve Ad Novas. A V\u00e1rhegy nev\u0171 falu menti hat\u00e1rr\u00e9szben 24 sz\u00f6g\u0171 castellum maradv\u00e1nyait t\u00e1rt\u00e1k fel a 18. sz\u00e1zadban. 1246-ban neve Verusmorth n\u00e9ven szerepel. K\u00f6z\u00e9pkori urai a Gara csal\u00e1d tagjai voltak. Az 1500. \u00e9v el\u0151tt V\u00f6r\u00f6smart Ger\u00e9b P\u00e9ter, Corvin M\u00e1ty\u00e1s rokon\u00e1nak tulajdona volt, \u00e9s a k\u00f6rny\u00e9k gazdas\u00e1gi k\u00f6zpontj\u00e1nak sz\u00e1m\u00edtott. 1719 t\u00e1j\u00e1n n\u00e9met, majd n\u00e9h\u00e1ny \u00e9vtizeddel k\u00e9s\u0151bb magyar katolikusok \u00e9rkeztek a faluba, addig lakosai magyar reform\u00e1tusok voltak. A 18. sz\u00e1zad k\u00f6zep\u00e9n ker\u00fclt a k\u00f6zs\u00e9g a bellyei uradalom tulajdon\u00e1ba. A 18. sz. v\u00e9g\u00e9n 21 mesterember \u00e9lt a faluban, de a lakoss\u00e1g t\u00f6bbs\u00e9ge gazd\u00e1lkodott. Gazd\u00e1lkod\u00f3i bort, gy\u00fcm\u00f6lcs\u00f6t termeltek \u00e9s hal\u00e1szattal foglalkoztak.<\/p>\n<p>Ter\u00fclet\u00e9n uradalmi vend\u00e9gl\u0151 \u00e9s sz\u00e1ll\u00e1shely m\u0171k\u00f6d\u00f6tt. 1818-ban 5 dunai malma \u00e9s 1 patakmalma volt. A 19. sz.-ban \u00e1llatteny\u00e9szt\u00e9ssel, sz\u0151l\u0151- \u00e9s bortermel\u00e9ssel foglalkoznak, kereskedelme ekkor \u00e9l\u00e9nk, fejl\u0151d\u00e9se t\u00f6retlen. V. Ferdin\u00e1nd kir\u00e1ly 1841-ben v\u00e1ross\u00e1 nyilv\u00e1n\u00edtotta. 1872-ben meg\u00e9p\u00fclt a V\u00f6r\u00f6smart-Kop\u00e1cs v\u00e9d\u0151g\u00e1t, hossza 32 kilom\u00e9ter. A Duna szab\u00e1lyoz\u00e1sa \u00e1ltal n\u00f6vekedett a megm\u0171velhet\u0151 f\u00f6ldter\u00fclet. 1881-ben igazi mez\u0151v\u00e1ross\u00e1 n\u0151tt, 2276 lakossal. Lakoss\u00e1ga 1948-ban 2278 f\u0151 volt. Ett\u0151l kezdve a lakoss\u00e1g sz\u00e1ma folyamatosan cs\u00f6kkent, 1991-ben m\u00e1r csak 1235-en lakj\u00e1k. M\u00e1ra ez a sz\u00e1m 974-re s\u00fcllyedt. 15 utc\u00e1ja van. V\u00f6r\u00f6smarthoz (\u00e9s Batin\u00e1hoz) k\u00f6t\u0151dik a k\u00f6z\u00e9pkori V\u00f6r\u00f6s M\u00e1rta legend\u00e1ja, aki v\u00f6r\u00f6s haj\u00fa hajadonk\u00e9nt birtokolta a ter\u00fcletet, \u00e9s kocsij\u00e1val a szakad\u00e9k alatti Dun\u00e1ba hajtva \u00f6ngyilkoss\u00e1got k\u00f6vetett el. Egyes forr\u00e1sok szerint a k\u00f6zs\u00e9g magyar nev\u00e9t (V\u00f6r\u00f6smarth) a legenda h\u0151sn\u0151j\u00e9r\u0151l kapta.<\/p>\n<p style=\"text-align: justify;\">[\/vc_column_text][\/vc_column][\/vc_row][vc_row][vc_column]<div class=\"c-gmap\"><div class=\"gmap-canvas\" style=\"height: 400px;\" data-address=\"Zmajevac, Hrvatska\" data-zoom=\"16\" data-maptype=\"satellite\" data-enable-mousewheel=\"false\"><\/div><\/div>[\/vc_column][\/vc_row]<\/p>\n","protected":false},"excerpt":{"rendered":"<p>[vc_row][vc_column][vc_column_text] V\u00f6r\u00f6smart a harmadik legnagyobb telep\u00fcl\u00e9s a J\u00e1r\u00e1sban 974 lakossal, 16 utc\u00e1val (1. maja, Mar\u0161ala Tita, Dunavska, Mala Dunavska, Rajna, Mala Rajna, Ko\u0161ut Lajo\u0161a, Rak, Sportska, Jo\u017eef Atile, \u017deljezni\u010dka, Adi Endre, Va\u0161ari\u0161te, Ru\u017eina, Planina). V\u00f6r\u00f6smart gazdas\u00e1ga a mez\u0151gazdas\u00e1gi termel\u00e9sen alapul, f\u0151leg a messze f\u00f6ld\u00f6n is ismert bortermel\u00e9sen.A Baranyai hegy d\u00e9li oldal\u00e1n amely V\u00f6r\u00f6smarthoz tartozik a [&hellip;]<\/p>\n","protected":false},"author":4,"featured_media":0,"parent":4864,"menu_order":0,"comment_status":"closed","ping_status":"closed","template":"","meta":[],"_links":{"self":[{"href":"https:\/\/knezevi-vinogradi.hr\/hu\/wp-json\/wp\/v2\/pages\/4807\/"}],"collection":[{"href":"https:\/\/knezevi-vinogradi.hr\/hu\/wp-json\/wp\/v2\/pages\/"}],"about":[{"href":"https:\/\/knezevi-vinogradi.hr\/hu\/wp-json\/wp\/v2\/types\/page\/"}],"author":[{"embeddable":true,"href":"https:\/\/knezevi-vinogradi.hr\/hu\/wp-json\/wp\/v2\/users\/4\/"}],"replies":[{"embeddable":true,"href":"https:\/\/knezevi-vinogradi.hr\/hu\/wp-json\/wp\/v2\/comments\/?post=4807"}],"version-history":[{"count":3,"href":"https:\/\/knezevi-vinogradi.hr\/hu\/wp-json\/wp\/v2\/pages\/4807\/revisions\/"}],"predecessor-version":[{"id":5320,"href":"https:\/\/knezevi-vinogradi.hr\/hu\/wp-json\/wp\/v2\/pages\/4807\/revisions\/5320\/"}],"up":[{"embeddable":true,"href":"https:\/\/knezevi-vinogradi.hr\/hu\/wp-json\/wp\/v2\/pages\/4864\/"}],"wp:attachment":[{"href":"https:\/\/knezevi-vinogradi.hr\/hu\/wp-json\/wp\/v2\/media\/?parent=4807"}],"curies":[{"name":"wp","href":"https:\/\/api.w.org\/{rel}","templated":true}]}}

Vörösmart

<p>[vc_row][vc_column][vc_column_text]</p>
<p>Vörösmart a harmadik legnagyobb település a Járásban 974 lakossal, 16 utcával (1. maja, Maršala Tita, Dunavska, Mala Dunavska, Rajna, Mala Rajna, Košut Lajoša, Rak, Sportska, Jožef Atile, Željeznička, Adi Endre, Vašarište, Ružina, Planina).</p>
<p>Vörösmart gazdasága a mezőgazdasági termelésen alapul, főleg a messze földön is ismert bortermelésen.A Baranyai hegy déli oldalán amely Vörösmarthoz tartozik a legjobb a feltétel a kiváló borok keszitésére.</p>
<p>Borútjai, a katolikus és a református szurdok egyre gazdagabb kínálattal várja a falusi turizmus után vágyókat.A község legismertebb borászai a Gerstmájer család, Josić pincészet, Varga család, Čočić pincészet, és más családok, akik apáról fiúra adták át a borászat titkait.A gasztronómiai szolgáltatás képviselői közül említjük a Tőke Csárda, Monyorusi Vadászház és a Baranyai Udvar kínálatát.</p>
<p>Vörösmarton nyolcosztályos általános iskola működik magyar és horvát nyelven, valamint a Nyuszi Óvoda Tagozata is kétnyelvű.</p>
<p>A kultúra és a sport művelői közül a József Attila Művelődési Egyesületet, a Sárkány Labdarúgó Kulbot és a Horgyász Sporthorgász Egyesületet említjük, mint a legnagyobb múlttal rendelkezőket; rajtuk kívül más egyesületek is működnek.</p>
<p><em><strong>Történelem</strong></em></p>
<p>Krisztus előtt Vörösmart területe limes menti római kolónia volt, akkori neve Ad Novas. A Várhegy nevű falu menti határrészben 24 szögű castellum maradványait tárták fel a 18. században. 1246-ban neve Verusmorth néven szerepel. Középkori urai a Gara család tagjai voltak. Az 1500. év előtt Vörösmart Geréb Péter, Corvin Mátyás rokonának tulajdona volt, és a környék gazdasági központjának számított. 1719 táján német, majd néhány évtizeddel később magyar katolikusok érkeztek a faluba, addig lakosai magyar reformátusok voltak. A 18. század közepén került a község a bellyei uradalom tulajdonába. A 18. sz. végén 21 mesterember élt a faluban, de a lakosság többsége gazdálkodott. Gazdálkodói bort, gyümölcsöt termeltek és halászattal foglalkoztak.</p>
<p>Területén uradalmi vendéglő és szálláshely működött. 1818-ban 5 dunai malma és 1 patakmalma volt. A 19. sz.-ban állattenyésztéssel, szőlő- és bortermeléssel foglalkoznak, kereskedelme ekkor élénk, fejlődése töretlen. V. Ferdinánd király 1841-ben várossá nyilvánította. 1872-ben megépült a Vörösmart-Kopács védőgát, hossza 32 kilométer. A Duna szabályozása által növekedett a megművelhető földterület. 1881-ben igazi mezővárossá nőtt, 2276 lakossal. Lakossága 1948-ban 2278 fő volt. Ettől kezdve a lakosság száma folyamatosan csökkent, 1991-ben már csak 1235-en lakják. Mára ez a szám 974-re süllyedt. 15 utcája van. Vörösmarthoz (és Batinához) kötődik a középkori Vörös Márta legendája, aki vörös hajú hajadonként birtokolta a területet, és kocsijával a szakadék alatti Dunába hajtva öngyilkosságot követett el. Egyes források szerint a község magyar nevét (Vörösmarth) a legenda hősnőjéről kapta.</p>
<p style="text-align: justify;">[/vc_column_text][/vc_column][/vc_row][vc_row][vc_column]<div class="c-gmap"><div class="gmap-canvas" style="height: 400px;" data-address="Zmajevac, Hrvatska" data-zoom="16" data-maptype="satellite" data-enable-mousewheel="false"></div></div>[/vc_column][/vc_row]</p>

<p>[vc_row][vc_column][vc_column_text] Vörösmart a harmadik legnagyobb település a Járásban 974 lakossal, 16 utcával (1. maja, Maršala Tita, Dunavska, Mala Dunavska, Rajna, Mala Rajna, Košut Lajoša, Rak, Sportska, Jožef Atile, Željeznička, Adi Endre, Vašarište, Ružina, Planina). Vörösmart gazdasága a mezőgazdasági termelésen alapul, főleg a messze földön is ismert bortermelésen.A Baranyai hegy déli oldalán amely Vörösmarthoz tartozik a [&hellip;]</p>
