{"id":4810,"date":"2015-10-08T15:22:03","date_gmt":"2015-10-08T13:22:03","guid":{"rendered":"https:\/\/knezevi-vinogradi.hr\/?page_id=4810"},"modified":"2015-10-13T14:19:11","modified_gmt":"2015-10-13T12:19:11","slug":"sepse","status":"publish","type":"page","link":"https:\/\/knezevi-vinogradi.hr\/hu\/onkormanyzat\/helysegek\/sepse\/","title":{"rendered":"Sepse"},"content":{"rendered":"<p>[vc_row][vc_column][vc_column_text]<\/p>\n<p>Sepse k\u00fcl\u00f6n\u00f6sen sz\u00e9p fekv\u00e9s\u0171 falu, sz\u0151l\u0151\u00fcltetv\u00e9nyekkel k\u00f6r\u00fclvett v\u00f6lgykatlanban helyezkedik el. A k\u00f6zs\u00e9g nyugati v\u00e9g\u00e9n h\u00e1rom gy\u00f6ny\u00f6r\u0171 v\u00f6lgy kezd\u0151dik. Ma Seps\u00e9nek 334 lakosa van, akik n\u00e9gy utc\u00e1ban laknak: F\u0151 utca (Glavna), D\u00f3zsa Gy\u00f6rgy, Pet\u0151fi S\u00e1ndor \u00e9s Hegy (Planina).Sepse lakoss\u00e1ga legink\u00e1bb mez\u0151gazdas\u00e1ggal, sz\u00e1nt\u00f3f\u00f6ldi n\u00f6v\u00e9nytermeszt\u00e9ssel, sz\u0151l\u00e9szettel \u00e9s gy\u00fcm\u00f6lcstermel\u00e9ssel foglalkozik.A bor\u00e1szat m\u00e1ra igen eleny\u00e9sz\u0151 m\u00e9rt\u00e9kben van jelen. A faluban a V\u00f6r\u00f6smarti \u00c1ltal\u00e1nos Iskola kihelyezett tagozata m\u0171k\u00f6dik magyar nyelven 1-4. oszt\u00e1lyig.<\/p>\n<p>Sepse ismert kultur\u00e1lis tev\u00e9kenys\u00e9g\u00e9r\u0151l Pet\u0151fi S\u00e1ndor M\u0171vel\u0151d\u00e9si Egyes\u00fclet, valamint sport egyes\u00fclet\u00e9r\u0151l Sz\u0151l\u0151f\u00fcrt Labdar\u00fag\u00f3 Egyes\u00fclet.<\/p>\n<p>K\u00fcl\u00f6n\u00f6sen fontos a komun\u00e1lis \u00e1s k\u00f6zleked\u00e9si infrastrukt\u00fara fejleszt\u00e9se. Igy a Sepse-Nagybodolya \u00fat megalapozta a j\u00f6v\u0151 turizmus\u00e1nak fejleszt\u00e9s\u00e9t k\u00fcl\u00f6n\u00f6sen a bor turizmust. Az els\u0151 k\u00f6vetkez\u0151 beruh\u00e1z\u00e1si terv a Hercegsz\u0151l\u0151s fel\u00e9 vezet\u0151 \u00fat fejleszt\u00e9se \u00e9s esetleg a Cs\u00faza fel\u00e9 vezet\u0151 ut fejleszt\u00e9se is.<\/p>\n<p><strong><em>T\u00f6rt\u00e9nelem<\/em><\/strong><\/p>\n<p>Sepse k\u00fcl\u00f6n\u00f6sen sz\u00e9p fekv\u00e9s\u0171 falu, sz\u0151l\u0151\u00fcltetv\u00e9nyekkel k\u00f6r\u00fclvett v\u00f6lgykatlanban helyezkedik el. A k\u00f6zs\u00e9g nyugati v\u00e9g\u00e9n h\u00e1rom gy\u00f6ny\u00f6r\u0171 v\u00f6lgy kezd\u0151dik. M\u00e1r a t\u00f6r\u00f6k id\u0151kben is lakott volt. Dombos-v\u00f6lgyes ter\u00fclete a bellyei uradalom idej\u00e9n is sz\u0151l\u0151vel volt betelep\u00edtve, amely kiv\u00e1l\u00f3, j\u00f3l \u00e9rt\u00e9kes\u00edthet\u0151 borokat adott. K\u00fcl\u00f6n\u00f6sen feh\u00e9r borair\u00f3l volt h\u00edres. A boron k\u00edv\u00fcl csereszny\u00e9t \u00e9s szilv\u00e1t termeltek, amelyet legink\u00e1bb Esz\u00e9kre sz\u00e1ll\u00edtottak, de sikerrel foglalkoztak kert\u00e9szettel is.<\/p>\n<p>[\/vc_column_text][\/vc_column][\/vc_row][vc_row][vc_column]<div class=\"c-gmap\"><div class=\"gmap-canvas\" style=\"height: 400px;\" data-address=\"Kotlina, Hrvatska\" data-zoom=\"16\" data-maptype=\"satellite\" data-enable-mousewheel=\"false\"><\/div><\/div>[\/vc_column][\/vc_row]<\/p>\n","protected":false},"excerpt":{"rendered":"<p>[vc_row][vc_column][vc_column_text] Sepse k\u00fcl\u00f6n\u00f6sen sz\u00e9p fekv\u00e9s\u0171 falu, sz\u0151l\u0151\u00fcltetv\u00e9nyekkel k\u00f6r\u00fclvett v\u00f6lgykatlanban helyezkedik el. A k\u00f6zs\u00e9g nyugati v\u00e9g\u00e9n h\u00e1rom gy\u00f6ny\u00f6r\u0171 v\u00f6lgy kezd\u0151dik. Ma Seps\u00e9nek 334 lakosa van, akik n\u00e9gy utc\u00e1ban laknak: F\u0151 utca (Glavna), D\u00f3zsa Gy\u00f6rgy, Pet\u0151fi S\u00e1ndor \u00e9s Hegy (Planina).Sepse lakoss\u00e1ga legink\u00e1bb mez\u0151gazdas\u00e1ggal, sz\u00e1nt\u00f3f\u00f6ldi n\u00f6v\u00e9nytermeszt\u00e9ssel, sz\u0151l\u00e9szettel \u00e9s gy\u00fcm\u00f6lcstermel\u00e9ssel foglalkozik.A bor\u00e1szat m\u00e1ra igen eleny\u00e9sz\u0151 m\u00e9rt\u00e9kben van jelen. A [&hellip;]<\/p>\n","protected":false},"author":4,"featured_media":0,"parent":4864,"menu_order":0,"comment_status":"closed","ping_status":"closed","template":"","meta":[],"_links":{"self":[{"href":"https:\/\/knezevi-vinogradi.hr\/hu\/wp-json\/wp\/v2\/pages\/4810\/"}],"collection":[{"href":"https:\/\/knezevi-vinogradi.hr\/hu\/wp-json\/wp\/v2\/pages\/"}],"about":[{"href":"https:\/\/knezevi-vinogradi.hr\/hu\/wp-json\/wp\/v2\/types\/page\/"}],"author":[{"embeddable":true,"href":"https:\/\/knezevi-vinogradi.hr\/hu\/wp-json\/wp\/v2\/users\/4\/"}],"replies":[{"embeddable":true,"href":"https:\/\/knezevi-vinogradi.hr\/hu\/wp-json\/wp\/v2\/comments\/?post=4810"}],"version-history":[{"count":3,"href":"https:\/\/knezevi-vinogradi.hr\/hu\/wp-json\/wp\/v2\/pages\/4810\/revisions\/"}],"predecessor-version":[{"id":5323,"href":"https:\/\/knezevi-vinogradi.hr\/hu\/wp-json\/wp\/v2\/pages\/4810\/revisions\/5323\/"}],"up":[{"embeddable":true,"href":"https:\/\/knezevi-vinogradi.hr\/hu\/wp-json\/wp\/v2\/pages\/4864\/"}],"wp:attachment":[{"href":"https:\/\/knezevi-vinogradi.hr\/hu\/wp-json\/wp\/v2\/media\/?parent=4810"}],"curies":[{"name":"wp","href":"https:\/\/api.w.org\/{rel}","templated":true}]}}

<p>[vc_row][vc_column][vc_column_text]</p>
<p>Sepse különösen szép fekvésű falu, szőlőültetvényekkel körülvett völgykatlanban helyezkedik el. A község nyugati végén három gyönyörű völgy kezdődik. Ma Sepsének 334 lakosa van, akik négy utcában laknak: Fő utca (Glavna), Dózsa György, Petőfi Sándor és Hegy (Planina).Sepse lakossága leginkább mezőgazdasággal, szántóföldi növénytermesztéssel, szőlészettel és gyümölcstermeléssel foglalkozik.A borászat mára igen elenyésző mértékben van jelen. A faluban a Vörösmarti Általános Iskola kihelyezett tagozata működik magyar nyelven 1-4. osztályig.</p>
<p>Sepse ismert kulturális tevékenységéről Petőfi Sándor Művelődési Egyesület, valamint sport egyesületéről Szőlőfürt Labdarúgó Egyesület.</p>
<p>Különösen fontos a komunális ás közlekedési infrastruktúra fejlesztése. Igy a Sepse-Nagybodolya út megalapozta a jövő turizmusának fejlesztését különösen a bor turizmust. Az első következő beruházási terv a Hercegszőlős felé vezető út fejlesztése és esetleg a Csúza felé vezető ut fejlesztése is.</p>
<p><strong><em>Történelem</em></strong></p>
<p>Sepse különösen szép fekvésű falu, szőlőültetvényekkel körülvett völgykatlanban helyezkedik el. A község nyugati végén három gyönyörű völgy kezdődik. Már a török időkben is lakott volt. Dombos-völgyes területe a bellyei uradalom idején is szőlővel volt betelepítve, amely kiváló, jól értékesíthető borokat adott. Különösen fehér borairól volt híres. A boron kívül cseresznyét és szilvát termeltek, amelyet leginkább Eszékre szállítottak, de sikerrel foglalkoztak kertészettel is.</p>
<p>[/vc_column_text][/vc_column][/vc_row][vc_row][vc_column]<div class="c-gmap"><div class="gmap-canvas" style="height: 400px;" data-address="Kotlina, Hrvatska" data-zoom="16" data-maptype="satellite" data-enable-mousewheel="false"></div></div>[/vc_column][/vc_row]</p>

<p>[vc_row][vc_column][vc_column_text] Sepse különösen szép fekvésű falu, szőlőültetvényekkel körülvett völgykatlanban helyezkedik el. A község nyugati végén három gyönyörű völgy kezdődik. Ma Sepsének 334 lakosa van, akik négy utcában laknak: Fő utca (Glavna), Dózsa György, Petőfi Sándor és Hegy (Planina).Sepse lakossága leginkább mezőgazdasággal, szántóföldi növénytermesztéssel, szőlészettel és gyümölcstermeléssel foglalkozik.A borászat mára igen elenyésző mértékben van jelen. A [&hellip;]</p>
