{"id":4842,"date":"2015-07-12T22:35:38","date_gmt":"2015-07-12T21:35:38","guid":{"rendered":"https:\/\/knezevi-vinogradi.hr\/?page_id=4842"},"modified":"2017-07-12T10:51:20","modified_gmt":"2017-07-12T09:51:20","slug":"az-eloljaro-szava","status":"publish","type":"page","link":"https:\/\/knezevi-vinogradi.hr\/hu\/az-eloljaro-szava\/","title":{"rendered":"Az el\u00f6lj\u00e1r\u00f3 szava"},"content":{"rendered":"<p><strong>Kedves l\u00e1togat\u00f3k, j\u00f3 sz\u00e1nd\u00e9k\u00fa bar\u00e1tok!<\/strong><\/p>\n<p><img loading=\"lazy\" class=\"size-large wp-image-10436 alignright\" src=\"https:\/\/knezevi-vinogradi.hr\/wp-content\/uploads\/2015\/07\/Slika-909x1024.jpg\" alt=\"slika\" width=\"500\" height=\"563\" srcset=\"https:\/\/knezevi-vinogradi.hr\/wp-content\/uploads\/2015\/07\/Slika-909x1024.jpg 909w, https:\/\/knezevi-vinogradi.hr\/wp-content\/uploads\/2015\/07\/Slika-426x480.jpg 426w, https:\/\/knezevi-vinogradi.hr\/wp-content\/uploads\/2015\/07\/Slika.jpg 1772w\" sizes=\"(max-width: 500px) 100vw, 500px\" \/>\u0150szint\u00e9n k\u00f6sz\u00f6nten\u00e9m \u00d6n\u00f6ket \u00e9s megk\u00f6sz\u00f6n\u00f6m az \u00e9rdekl\u0151d\u00e9st a Hercegsz\u00f6ll\u0151si J\u00e1r\u00e1s ir\u00e1nt. A Hercegsz\u00f6ll\u0151si J\u00e1r\u00e1s ter\u00fcletileg egyike a legnagyobb J\u00e1r\u00e1soknak nemcsak az Esz\u00e9k-Baranya Megy\u00e9ben hanem Horv\u00e1torsz\u00e1gban is, Baranya \u00e9szakkeleti r\u00e9sz\u00e9n tal\u00e1lhat\u00f3- Horv\u00e1t K\u00f6zt\u00e1rsas\u00e1g. Meg kell eml\u00edtenem, hogy ez egy kifejezeten multietnikus \u00e9s t\u00f6bb vall\u00e1s\u00fa k\u00f6zpont ezen a ter\u00fcleten nyilv\u00e1nval\u00f3 term\u00e9szeti er\u0151forr\u00e1sok vannak. Term\u00e9keny sz\u00e1nt\u00f3f\u00f6ld a n\u00f6v\u00e9nytermeszt\u00e9sre, enyhe d\u00e9li lejt\u0151k a Baranyai hegyen sz\u0151l\u0151- \u00e9s gy\u00fcm\u00f6lcstermeszt\u00e9sre, korszer\u0171 csatornah\u00e1l\u00f3zat \u00e9s gazdag \u00f6nt\u00f6z\u00e9sre val\u00f3 v\u00edz ( Duna- r\u00e9t), erd\u0151k \u00e9s bemutatott \u2013 t\u00f6rt\u00e9nelmi kultur\u00e1lis javak a gazdas\u00e1g \u2013 els\u0151sorban mez\u0151gazdas\u00e1g, \u00e9lelmiszeripar, bor\u00e1szat, gy\u00fcmolcstermel\u00e9s \u00e9s k\u00fcl\u00f6nboz\u0151 turizmus form\u00e1k- bor vad\u00e1szati \u00e9s hal\u00e1szati, vall\u00e1si \u00e9s \u00e1ltal\u00e1nosan falusi alapja a fejleszt\u00e9snek.<\/p>\n<p>Az el\u00e9rt eredm\u00e9nyek ellen\u00e9re, k\u00fcl\u00f6nos tekintettel az infrastruktur\u00e1lis falu felszerel\u00e9s\u00e9re a J\u00e1r\u00e1s ter\u00fclet\u00e9n \u2013 uth\u00e1l\u00f3zat, v\u00edz, g\u00e1z, vil\u00e1git\u00e1s, v\u00edzelvezet\u00e9s valamint fontos t\u00e1rsadalmi norm\u00e1k az oktat\u00e1sban, az eg\u00e9szs\u00e9g\u00fcgyben, szoci\u00e1lis ell\u00e1t\u00e1sban, sport, kultur\u00e1lis \u00e9s t\u0171zv\u00e9delmi l\u00e9tesitm\u00e9nyek feladatai, nagyra \u00e9rt\u00e9kelem, hogy a j\u00e1r\u00e1s lakoss\u00e1g\u00e1nak nagy r\u00e9sze nem rendelkezik olyan \u00e9letsz\u00ednvonalal amely ar\u00e1nyos a j\u00e1r\u00e1s ter\u00fclet\u00e9nek term\u00e9szeti er\u0151forr\u00e1saival. Az \u00e1ltal\u00e1nos visszajelz\u00e9s, hogy a gazdas\u00e1gi egys\u00e9gek, bele\u00e9rtve a mez\u0151gazdas\u00e1gi gazdas\u00e1gokat, nehezen tal\u00e1lj\u00e1k magukat fel \u201eaz \u00fajonnan l\u00e9trej\u00f6tt gazdas\u00e1gi \u00e9s piaci felt\u00e9telek k\u00f6zott\u201c. Minden neh\u00e9zs\u00e9g ellen\u00e9re az em\u00falt \u00e9vek biztat\u00f3ak egyre t\u00f6bb sz\u00e1m\u00fa pozit\u00edv p\u00e9lda van a v\u00e1lalkoz\u00e1sok ter\u00e9n ami a munkahelyteremt\u00e9st illeti.<\/p>\n<p>Tekintettel a multietnikus ( nemzeti ) \u00e9s multikonfeszionl\u00e1lis ( vall\u00e1si ) lakoss\u00e1g\u00e1nak \u00f6sszet\u00e9tel\u00e9r\u0151l a J\u00e1r\u00e1sban , nagy mulaszt\u00e1st k\u00f6vetn\u00e9k el ha nem hangs\u00falyozn\u00e1m ki a b\u00e9k\u00e9s egy\u00fctt\u00e9l\u00e9s \u00e9s a kiel\u00e9git\u0151 toleranci\u00e1t egym\u00e1s gazdas\u00e1gi, t\u00e1rsadalmi \u00e9s f\u0151k\u00e9nt nemzetk\u00f6zi- politikai kapcsolat k\u00f6z\u00f6tt.<\/p>\n<p>T\u00f6rt\u00e9nelmi \u00e9s jelenlegi helyzet bemutat\u00e1sa mellett a J\u00e1r\u00e1s ter\u00fclet\u00e9n, nem titkolt sz\u00e1nd\u00e9ka \u00e9s v\u00e1gya ennek az oldalnak , hogy prezent\u00e1lja minden m\u00f3don a J\u00e1r\u00e1s ter\u00fclet\u00e9nek gazdas\u00e1g\u00e1t a l\u00e1togat\u00f3k sz\u00e1m\u00e1ra, hogy meggy\u0151z\u0151djenek minden tekintettel a lakoss\u00e1g szorgalm\u00e1r\u00f3l \u00e9s vend\u00e9gszeretet\u00e9r\u0151l.<\/p>\n<p>A Hercegsz\u00f6ll\u0151si J\u00e1r\u00e1s el\u00f6lj\u00e1r\u00f3ja<\/p>\n<p>Vedran Kramari\u0107, mag.iur.<\/p>\n","protected":false},"excerpt":{"rendered":"<p>Kedves l\u00e1togat\u00f3k, j\u00f3 sz\u00e1nd\u00e9k\u00fa bar\u00e1tok! \u0150szint\u00e9n k\u00f6sz\u00f6nten\u00e9m \u00d6n\u00f6ket \u00e9s megk\u00f6sz\u00f6n\u00f6m az \u00e9rdekl\u0151d\u00e9st a Hercegsz\u00f6ll\u0151si J\u00e1r\u00e1s ir\u00e1nt. A Hercegsz\u00f6ll\u0151si J\u00e1r\u00e1s ter\u00fcletileg egyike a legnagyobb J\u00e1r\u00e1soknak nemcsak az Esz\u00e9k-Baranya Megy\u00e9ben hanem Horv\u00e1torsz\u00e1gban is, Baranya \u00e9szakkeleti r\u00e9sz\u00e9n tal\u00e1lhat\u00f3- Horv\u00e1t K\u00f6zt\u00e1rsas\u00e1g. Meg kell eml\u00edtenem, hogy ez egy kifejezeten multietnikus \u00e9s t\u00f6bb vall\u00e1s\u00fa k\u00f6zpont ezen a ter\u00fcleten nyilv\u00e1nval\u00f3 term\u00e9szeti er\u0151forr\u00e1sok [&hellip;]<\/p>\n","protected":false},"author":4,"featured_media":0,"parent":0,"menu_order":0,"comment_status":"closed","ping_status":"open","template":"","meta":[],"_links":{"self":[{"href":"https:\/\/knezevi-vinogradi.hr\/hu\/wp-json\/wp\/v2\/pages\/4842\/"}],"collection":[{"href":"https:\/\/knezevi-vinogradi.hr\/hu\/wp-json\/wp\/v2\/pages\/"}],"about":[{"href":"https:\/\/knezevi-vinogradi.hr\/hu\/wp-json\/wp\/v2\/types\/page\/"}],"author":[{"embeddable":true,"href":"https:\/\/knezevi-vinogradi.hr\/hu\/wp-json\/wp\/v2\/users\/4\/"}],"replies":[{"embeddable":true,"href":"https:\/\/knezevi-vinogradi.hr\/hu\/wp-json\/wp\/v2\/comments\/?post=4842"}],"version-history":[{"count":5,"href":"https:\/\/knezevi-vinogradi.hr\/hu\/wp-json\/wp\/v2\/pages\/4842\/revisions\/"}],"predecessor-version":[{"id":10602,"href":"https:\/\/knezevi-vinogradi.hr\/hu\/wp-json\/wp\/v2\/pages\/4842\/revisions\/10602\/"}],"wp:attachment":[{"href":"https:\/\/knezevi-vinogradi.hr\/hu\/wp-json\/wp\/v2\/media\/?parent=4842"}],"curies":[{"name":"wp","href":"https:\/\/api.w.org\/{rel}","templated":true}]}}

Az elöljáró szava

<p><strong>Kedves látogatók, jó szándékú barátok!</strong></p>
<p><img loading="lazy" class="size-large wp-image-10436 alignright" src="https://knezevi-vinogradi.hr/wp-content/uploads/2015/07/Slika-909x1024.jpg" alt="slika" width="500" height="563" srcset="https://knezevi-vinogradi.hr/wp-content/uploads/2015/07/Slika-909x1024.jpg 909w, https://knezevi-vinogradi.hr/wp-content/uploads/2015/07/Slika-426x480.jpg 426w, https://knezevi-vinogradi.hr/wp-content/uploads/2015/07/Slika.jpg 1772w" sizes="(max-width: 500px) 100vw, 500px" />Őszintén köszönteném Önöket és megköszönöm az érdeklődést a Hercegszöllősi Járás iránt. A Hercegszöllősi Járás területileg egyike a legnagyobb Járásoknak nemcsak az Eszék-Baranya Megyében hanem Horvátországban is, Baranya északkeleti részén található- Horvát Köztársaság. Meg kell említenem, hogy ez egy kifejezeten multietnikus és több vallású központ ezen a területen nyilvánvaló természeti erőforrások vannak. Termékeny szántóföld a növénytermesztésre, enyhe déli lejtők a Baranyai hegyen szőlő- és gyümölcstermesztésre, korszerű csatornahálózat és gazdag öntözésre való víz ( Duna- rét), erdők és bemutatott – történelmi kulturális javak a gazdaság – elsősorban mezőgazdaság, élelmiszeripar, borászat, gyümolcstermelés és különboző turizmus formák- bor vadászati és halászati, vallási és általánosan falusi alapja a fejlesztésnek.</p>
<p>Az elért eredmények ellenére, különos tekintettel az infrastrukturális falu felszerelésére a Járás területén – uthálózat, víz, gáz, világitás, vízelvezetés valamint fontos társadalmi normák az oktatásban, az egészségügyben, szociális ellátásban, sport, kulturális és tűzvédelmi létesitmények feladatai, nagyra értékelem, hogy a járás lakosságának nagy része nem rendelkezik olyan életszínvonalal amely arányos a járás területének természeti erőforrásaival. Az általános visszajelzés, hogy a gazdasági egységek, beleértve a mezőgazdasági gazdaságokat, nehezen találják magukat fel „az újonnan létrejött gazdasági és piaci feltételek közott“. Minden nehézség ellenére az emúlt évek biztatóak egyre több számú pozitív példa van a válalkozások terén ami a munkahelyteremtést illeti.</p>
<p>Tekintettel a multietnikus ( nemzeti ) és multikonfeszionlális ( vallási ) lakosságának összetételéről a Járásban , nagy mulasztást követnék el ha nem hangsúlyoznám ki a békés együttélés és a kielégitő toleranciát egymás gazdasági, társadalmi és főként nemzetközi- politikai kapcsolat között.</p>
<p>Történelmi és jelenlegi helyzet bemutatása mellett a Járás területén, nem titkolt szándéka és vágya ennek az oldalnak , hogy prezentálja minden módon a Járás területének gazdaságát a látogatók számára, hogy meggyőződjenek minden tekintettel a lakosság szorgalmáról és vendégszeretetéről.</p>
<p>A Hercegszöllősi Járás elöljárója</p>
<p>Vedran Kramarić, mag.iur.</p>

<p>Kedves látogatók, jó szándékú barátok! Őszintén köszönteném Önöket és megköszönöm az érdeklődést a Hercegszöllősi Járás iránt. A Hercegszöllősi Járás területileg egyike a legnagyobb Járásoknak nemcsak az Eszék-Baranya Megyében hanem Horvátországban is, Baranya északkeleti részén található- Horvát Köztársaság. Meg kell említenem, hogy ez egy kifejezeten multietnikus és több vallású központ ezen a területen nyilvánvaló természeti erőforrások [&hellip;]</p>
