{"id":4854,"date":"2015-05-25T21:30:42","date_gmt":"2015-05-25T19:30:42","guid":{"rendered":"https:\/\/knezevi-vinogradi.hr\/?page_id=4854"},"modified":"2024-10-25T08:38:03","modified_gmt":"2024-10-25T06:38:03","slug":"kepviselotestulet","status":"publish","type":"page","link":"https:\/\/knezevi-vinogradi.hr\/hu\/szervezet\/kepviselotestulet\/","title":{"rendered":"K\u00e9pvisel\u0151test\u00fclet"},"content":{"rendered":"<p style=\"text-align: justify;\">A J\u00e1r\u00e1si Tan\u00e1cs K\u00e9pvisel\u0151test\u00fclete Hercegsz\u00f6l\u0151si J\u00e1r\u00e1s polg\u00e1rainak, amelyek a jogaik \u00e9s k\u00f6telezetts\u00e9geik keretein bel\u00fcl \u00e1ltal\u00e1nos \u00e9s egy\u00e9b rendelekez\u00e9seket hoz \u00e9s elv\u00e9gez m\u00e1s munk\u00e1kat \u00f6sszhangban az Alkotm\u00e1nyos t\u00f6rv\u00e9nnyel \u00e9s a J\u00e1r\u00e1s Alapszab\u00e1lyzat\u00e1val.<\/p>\n<p style=\"text-align: justify;\"><a href=\"https:\/\/knezevi-vinogradi.hr\/wp-content\/uploads\/2020\/01\/ilovepdf_merged-2_merged.pdf\" target=\"_blank\" rel=\"noopener noreferrer\">Hercegsz\u00f6l\u0151si J\u00e1r\u00e1s Alapszab\u00e1lyzata<\/a><\/p>\n<p>A J\u00e1r\u00e1si K\u00e9pvisel\u0151test\u00fclet joghat\u00f3s\u00e1ga:<\/p>\n<ul>\n<li>Meghozza a J\u00e1r\u00e1s Alapszab\u00e1lyzat\u00e1t<\/li>\n<li>Meghozza a munka \u00dcgyviteli Szab\u00e1lyzatot<\/li>\n<li>Meghozza a d\u00f6nt\u00e9st a J\u00e1r\u00e1s tulajdon\u00e1ban l\u00e9v\u0151 ingatlan gazd\u00e1lkod\u00e1sfelt\u00e9teleir\u0151l, m\u00f3dj\u00e1r\u00f3l \u00e9s elj\u00e1r\u00e1s\u00e1r\u00f3l,<\/li>\n<li>Az \u00e9vi k\u00f6lts\u00e9gvet\u00e9sr\u0151l \u00e9s a k\u00f6lts\u00e9gvet\u00e9s v\u00e9grehajt\u00e1s\u00e1r\u00f3l d\u00f6nt<\/li>\n<li>Meghozza az \u00e9vi k\u00f6lts\u00e9gvet\u00e9s v\u00e9grehajt\u00e1s\u00e1nak \u00e9vi besz\u00e1mol\u00f3j\u00e1t,<\/li>\n<li>Hat\u00e1rozatot hoz az ideiglenes p\u00e9nzel\u00e9sr\u0151l<\/li>\n<li>Meghozza a d\u00f6nt\u00e9st a Hercegsz\u00f6l\u0151si J\u00e1r\u00e1s ing\u00f3 \u00e9s ingatlan vagyon\u00e1nak megszerz\u00e9s\u00e9r\u0151l \u00e9s elidegen\u00edt\u00e9s\u00e9r\u0151l melyeknek egyedi \u00e9rt\u00e9ke \u00e1thaladja 0,5% a j\u00f6vedelm\u00e9nek \u00f6sszeg\u00e9t bev\u00e9tel n\u00e9lk\u00fcl az ing\u00f3 \u00e9s ingatlan vagyon megszerz\u00e9s\u00e9r\u0151l vagy elad\u00e1s\u00e1r\u00f3lsz\u00f3l\u00f3 hat\u00e1rozathozatal el\u0151tti \u00e9vben, illetve ha az egyedi \u00e9rt\u00e9ke nagyobb 1.000.00 kun\u00e1t\u00f3l.<\/li>\n<li>Hat\u00e1rozatot hoz a Hercegsz\u00f6l\u0151si J\u00e1r\u00e1s hat\u00e1rainak v\u00e1ltoz\u00e1s\u00e1r\u00f3l,<\/li>\n<li>Rendelkezik az igazgat\u00e1si \u00e9s hivatali szervezetr\u0151l \u00e9s azok hat\u00e1sk\u00f6r\u00e9r\u0151l,<\/li>\n<li>K\u00f6zint\u00e9zm\u00e9nyeket, int\u00e9zm\u00e9nyeket, gazdas\u00e1gi, t\u00e1rsadalmi, kommun\u00e1lis \u00e9s m\u00e1s tev\u00e9kenys\u00e9gi k\u00f6r\u0171 gazdas\u00e1gi t\u00e1rsas\u00e1got amelyben \u00e9rdekei vannak a J\u00e1r\u00e1snak,<\/li>\n<li>El\u0151zetes belegyez\u00e9seket hoz int\u00e9zm\u00e9nyek alapszab\u00e1lyzat\u00e1hoz, amennyiben ez t\u00f6rv\u00e9nnyel vagy m\u00e1s l\u00e9trehoz\u00e1si hat\u00e1trozattal nincs el\u0151\u00edrva,<\/li>\n<li>Hat\u00e1rozatokat hoz az \u00e1ltal\u00e1nos el\u0151\u00edr\u00e1sokkal \u00e9s t\u00f6rv\u00e9nnyel \u00f6sszhangban, m\u00e1s helyi \u00f6nkorm\u00e1nyzatokkal k\u00f6tend\u0151 egy\u00fcttm\u0171k\u00f6d\u00e9si meg\u00e1llapod\u00e1sokr\u00f3l<\/li>\n<li>Helyi n\u00e9pszavaz\u00e1st \u00edr ki,<\/li>\n<li>Kiv\u00e1lasztja \u00e9s felmenti a J\u00e1r\u00e1si K\u00e9pvisel\u0151test\u00fclet eln\u00f6k\u00e9t \u00e9s eln\u00f6khelyettes\u00e9t,<\/li>\n<li>Kiv\u00e1lasztja \u00e9s felmenti a J\u00e1r\u00e1s bizotts\u00e1gainak eln\u00f6k\u00e9t \u00e9s tagjait,<\/li>\n<li>D\u00f6nt\u00e9st hoz a szponzor\u00e1l\u00e1sr\u00f3l.<\/li>\n<li>Hat\u00e1rozatot hoz az elismer\u00e9sek kioszt\u00e1s\u00e1nak felt\u00e9teleir\u0151l, a kioszt\u00e1s m\u00f3dj\u00e1r\u00f3l \u00e9s elj\u00e1r\u00e1s\u00e1r\u00f3l \u00e9s kiosztja az elismer\u00e9seket,<\/li>\n<li>Kiv\u00e1laszt \u00e9s felment m\u00e1s szem\u00e9lyeket a t\u00f6rv\u00e9ny \u00e9s ezen Alapszab\u00e1lyzat rendelkez\u00e9sei \u00e9s a J\u00e1r\u00e1si K\u00e9pvisel\u0151test\u00fclet k\u00fcl\u00f6n hat\u00e1rozatai szerint,<\/li>\n<li>Hat\u00e1rozatokat \u00e9s m\u00e1s \u00e1ltal\u00e1nos el\u0151\u00edr\u00e1sokat hoz, amelyeket a t\u00f6rv\u00e9ny \u00e9s a t\u00f6rv\u00e9ny erej\u0171 hat\u00e1rozatok \u00e9s szab\u00e1lyzatok hat\u00e1sk\u00f6r\u00e9be soroltak.<\/li>\n<\/ul>\n<p>A J\u00e1r\u00e1si K\u00e9pvisel\u0151test\u00fcletnek 13 tagja van. A J\u00e1r\u00e1si K\u00e9pvisel\u0151test\u00fcletnek lehet t\u00f6bb mint 13 tagja is, amennyiben sz\u00fcks\u00e9g van a magyar \u00e9s szerb kisebbs\u00e9g megfelel\u0151 k\u00e9pviselet\u00e9re a J\u00e1r\u00e1si K\u00e9pvisel\u0151test\u00fcletben a kisebbs\u00e9gi Alkotm\u00e1nyos jog szerint. A tan\u00e1csosokat t\u00f6rv\u00e9nnyel el\u0151\u00edrt m\u00f3don v\u00e1lasztj\u00e1k. A tan\u00e1csosok funkci\u00f3ja tiszteletbeli. A tan\u00e1csos mand\u00e1tuma n\u00e9gy \u00e9vig tart. A tan\u00e1csosoknak nincs k\u00f6telez\u0151 mand\u00e1tumuk \u00e9s nem is felmenthet\u0151k. A J\u00e1r\u00e1si K\u00e9pvisel\u0151test\u00fcletnek egy eln\u00f6ke \u00e9s aleln\u00f6ke van.<\/p>\n","protected":false},"excerpt":{"rendered":"<p>A J\u00e1r\u00e1si Tan\u00e1cs K\u00e9pvisel\u0151test\u00fclete Hercegsz\u00f6l\u0151si J\u00e1r\u00e1s polg\u00e1rainak, amelyek a jogaik \u00e9s k\u00f6telezetts\u00e9geik keretein bel\u00fcl \u00e1ltal\u00e1nos \u00e9s egy\u00e9b rendelekez\u00e9seket hoz \u00e9s elv\u00e9gez m\u00e1s munk\u00e1kat \u00f6sszhangban az Alkotm\u00e1nyos t\u00f6rv\u00e9nnyel \u00e9s a J\u00e1r\u00e1s Alapszab\u00e1lyzat\u00e1val. Hercegsz\u00f6l\u0151si J\u00e1r\u00e1s Alapszab\u00e1lyzata A J\u00e1r\u00e1si K\u00e9pvisel\u0151test\u00fclet joghat\u00f3s\u00e1ga: Meghozza a J\u00e1r\u00e1s Alapszab\u00e1lyzat\u00e1t Meghozza a munka \u00dcgyviteli Szab\u00e1lyzatot Meghozza a d\u00f6nt\u00e9st a J\u00e1r\u00e1s tulajdon\u00e1ban l\u00e9v\u0151 ingatlan [&hellip;]<\/p>\n","protected":false},"author":4,"featured_media":0,"parent":4867,"menu_order":0,"comment_status":"closed","ping_status":"closed","template":"","meta":[],"_links":{"self":[{"href":"https:\/\/knezevi-vinogradi.hr\/hu\/wp-json\/wp\/v2\/pages\/4854\/"}],"collection":[{"href":"https:\/\/knezevi-vinogradi.hr\/hu\/wp-json\/wp\/v2\/pages\/"}],"about":[{"href":"https:\/\/knezevi-vinogradi.hr\/hu\/wp-json\/wp\/v2\/types\/page\/"}],"author":[{"embeddable":true,"href":"https:\/\/knezevi-vinogradi.hr\/hu\/wp-json\/wp\/v2\/users\/4\/"}],"replies":[{"embeddable":true,"href":"https:\/\/knezevi-vinogradi.hr\/hu\/wp-json\/wp\/v2\/comments\/?post=4854"}],"version-history":[{"count":6,"href":"https:\/\/knezevi-vinogradi.hr\/hu\/wp-json\/wp\/v2\/pages\/4854\/revisions\/"}],"predecessor-version":[{"id":60593,"href":"https:\/\/knezevi-vinogradi.hr\/hu\/wp-json\/wp\/v2\/pages\/4854\/revisions\/60593\/"}],"up":[{"embeddable":true,"href":"https:\/\/knezevi-vinogradi.hr\/hu\/wp-json\/wp\/v2\/pages\/4867\/"}],"wp:attachment":[{"href":"https:\/\/knezevi-vinogradi.hr\/hu\/wp-json\/wp\/v2\/media\/?parent=4854"}],"curies":[{"name":"wp","href":"https:\/\/api.w.org\/{rel}","templated":true}]}}

Képviselőtestület

<p style="text-align: justify;">A Járási Tanács Képviselőtestülete Hercegszölősi Járás polgárainak, amelyek a jogaik és kötelezettségeik keretein belül általános és egyéb rendelekezéseket hoz és elvégez más munkákat összhangban az Alkotmányos törvénnyel és a Járás Alapszabályzatával.</p>
<p style="text-align: justify;"><a href="https://knezevi-vinogradi.hr/wp-content/uploads/2020/01/ilovepdf_merged-2_merged.pdf" target="_blank" rel="noopener noreferrer">Hercegszölősi Járás Alapszabályzata</a></p>
<p>A Járási Képviselőtestület joghatósága:</p>
<ul>
<li>Meghozza a Járás Alapszabályzatát</li>
<li>Meghozza a munka Ügyviteli Szabályzatot</li>
<li>Meghozza a döntést a Járás tulajdonában lévő ingatlan gazdálkodásfeltételeiről, módjáról és eljárásáról,</li>
<li>Az évi költségvetésről és a költségvetés végrehajtásáról dönt</li>
<li>Meghozza az évi költségvetés végrehajtásának évi beszámolóját,</li>
<li>Határozatot hoz az ideiglenes pénzelésről</li>
<li>Meghozza a döntést a Hercegszölősi Járás ingó és ingatlan vagyonának megszerzéséről és elidegenítéséről melyeknek egyedi értéke áthaladja 0,5% a jövedelmének összegét bevétel nélkül az ingó és ingatlan vagyon megszerzéséről vagy eladásárólszóló határozathozatal előtti évben, illetve ha az egyedi értéke nagyobb 1.000.00 kunától.</li>
<li>Határozatot hoz a Hercegszölősi Járás határainak változásáról,</li>
<li>Rendelkezik az igazgatási és hivatali szervezetről és azok hatásköréről,</li>
<li>Közintézményeket, intézményeket, gazdasági, társadalmi, kommunális és más tevékenységi körű gazdasági társaságot amelyben érdekei vannak a Járásnak,</li>
<li>Előzetes belegyezéseket hoz intézmények alapszabályzatához, amennyiben ez törvénnyel vagy más létrehozási hatátrozattal nincs előírva,</li>
<li>Határozatokat hoz az általános előírásokkal és törvénnyel összhangban, más helyi önkormányzatokkal kötendő együttműködési megállapodásokról</li>
<li>Helyi népszavazást ír ki,</li>
<li>Kiválasztja és felmenti a Járási Képviselőtestület elnökét és elnökhelyettesét,</li>
<li>Kiválasztja és felmenti a Járás bizottságainak elnökét és tagjait,</li>
<li>Döntést hoz a szponzorálásról.</li>
<li>Határozatot hoz az elismerések kiosztásának feltételeiről, a kiosztás módjáról és eljárásáról és kiosztja az elismeréseket,</li>
<li>Kiválaszt és felment más személyeket a törvény és ezen Alapszabályzat rendelkezései és a Járási Képviselőtestület külön határozatai szerint,</li>
<li>Határozatokat és más általános előírásokat hoz, amelyeket a törvény és a törvény erejű határozatok és szabályzatok hatáskörébe soroltak.</li>
</ul>
<p>A Járási Képviselőtestületnek 13 tagja van. A Járási Képviselőtestületnek lehet több mint 13 tagja is, amennyiben szükség van a magyar és szerb kisebbség megfelelő képviseletére a Járási Képviselőtestületben a kisebbségi Alkotmányos jog szerint. A tanácsosokat törvénnyel előírt módon választják. A tanácsosok funkciója tiszteletbeli. A tanácsos mandátuma négy évig tart. A tanácsosoknak nincs kötelező mandátumuk és nem is felmenthetők. A Járási Képviselőtestületnek egy elnöke és alelnöke van.</p>

<p>A Járási Tanács Képviselőtestülete Hercegszölősi Járás polgárainak, amelyek a jogaik és kötelezettségeik keretein belül általános és egyéb rendelekezéseket hoz és elvégez más munkákat összhangban az Alkotmányos törvénnyel és a Járás Alapszabályzatával. Hercegszölősi Járás Alapszabályzata A Járási Képviselőtestület joghatósága: Meghozza a Járás Alapszabályzatát Meghozza a munka Ügyviteli Szabályzatot Meghozza a döntést a Járás tulajdonában lévő ingatlan [&hellip;]</p>
