{"id":4910,"date":"2015-05-25T23:55:52","date_gmt":"2015-05-25T21:55:52","guid":{"rendered":"https:\/\/knezevi-vinogradi.hr\/?page_id=4910"},"modified":"2015-10-09T22:45:07","modified_gmt":"2015-10-09T20:45:07","slug":"ifjusagi-tanacs","status":"publish","type":"page","link":"https:\/\/knezevi-vinogradi.hr\/hu\/szervezet\/ifjusagi-tanacs\/","title":{"rendered":"Ifj\u00fas\u00e1gi tan\u00e1cs"},"content":{"rendered":"<p>A Hercegsz\u00f6ll\u0151si J\u00e1r\u00e1s Ifj\u00fas\u00e1gi tan\u00e1csa tan\u00e1csad\u00f3 test\u00fclete a K\u00e9pvisel\u0151test\u00fcletnek amely azzal a c\u00e9llal alak\u00falt, hogy akt\u00edvan bekapcsolja a fiatalokat a Hercegsz\u00f6ll\u0151si J\u00e1r\u00e1s k\u00f6z\u00e9let\u00e9be. Az Ifj\u00fas\u00e1gi tan\u00e1cs a hat\u00e1sk\u00f6r\u00e9ben megvitatja a l\u00e9nyeges k\u00e9rd\u00e9seket az Ifj\u00fas\u00e1gi tan\u00e1cs munk\u00e1j\u00e1t illet\u0151en, valamint a K\u00e9pvisel\u0151test\u00fclet hat\u00e1sk\u00f6r\u00e9be tartoz\u00f3 k\u00e9rd\u00e9seket amelyek a fiatalok \u00e9rdekeiben vannak \u00e9s v\u00e9lem\u00e9nyt ad a K\u00e9pvisel\u0151test\u00fcletnek a jogi rendeletek elfogad\u00e1s\u00e1ban amelyek fontosak a fiatalok sz\u00e1m\u00e1ra.<\/p>\n<p>Az Ifj\u00fas\u00e1gi tan\u00e1cs javasol a K\u00e9pvisel\u0151test\u00fcletnek olyan rendeletek elfogad\u00e1s\u00e1t amelyek fontosak a fiatalok helyzet\u00e9nek el\u0151rehalad\u00e1s\u00e1nak int\u00e9zked\u00e9seket a sz\u00fcks\u00e9ges programok \u00e9s d\u00f6nt\u00e9seket v\u00e9grehajt\u00e9s\u00e9hoza fiatalok ell\u00e1t\u00e1s\u00e1hoz \u00e9s t\u00e1rgyal\u00e1st javasol a fiatalonak fontos k\u00e9rd\u00e9sek megvitat\u00e1s\u00e1r\u00f3l \u00e9s megold\u00e1s\u00e1r\u00f3l.<\/p>\n<p>A Hercegsz\u00f6ll\u0151si Ifj\u00fas\u00e1gi tan\u00e1csnak 5 tagja van bele\u00e9rtve az eln\u00f6k\u00f6t \u00e9s az eln\u00f6k helyettest. A tagok a Hercegsz\u00f6ll\u0151si J\u00e1r\u00e1s ter\u00fclet\u00e9r\u0151l val\u00f3 fiatalok 15-t\u0151l-30 \u00e9ves koroszt\u00e1ly.<\/p>\n<p>Ifj\u00fas\u00e1gi tan\u00e1cs tagjai &#8211; 2014.:<\/p>\n<p>\u2022 Banovi\u0107 Ru\u017eica<br \/>\n\u2022 Kedve\u0161 Mihalj \u2013 eln\u00f6k<br \/>\n\u2022 Mirkovi\u0107 Tijana \u2013 eln\u00f6k helyettes<br \/>\n\u2022 Palko Ivona<br \/>\n\u2022 \u0160uba Antonio<\/p>\n<p>Facebook: <a href=\"https:\/\/www.facebook.com\/pages\/Savjet-mladih-Op%C4%87ine-Kn-Vinogradi\/1549768718606450?fref=ts\" target=\"_blank\">A Hercegsz\u00f6ll\u0151si J\u00e1r\u00e1s Ifj\u00fas\u00e1gi tan\u00e1csa<\/a><\/p>\n","protected":false},"excerpt":{"rendered":"<p>A Hercegsz\u00f6ll\u0151si J\u00e1r\u00e1s Ifj\u00fas\u00e1gi tan\u00e1csa tan\u00e1csad\u00f3 test\u00fclete a K\u00e9pvisel\u0151test\u00fcletnek amely azzal a c\u00e9llal alak\u00falt, hogy akt\u00edvan bekapcsolja a fiatalokat a Hercegsz\u00f6ll\u0151si J\u00e1r\u00e1s k\u00f6z\u00e9let\u00e9be. Az Ifj\u00fas\u00e1gi tan\u00e1cs a hat\u00e1sk\u00f6r\u00e9ben megvitatja a l\u00e9nyeges k\u00e9rd\u00e9seket az Ifj\u00fas\u00e1gi tan\u00e1cs munk\u00e1j\u00e1t illet\u0151en, valamint a K\u00e9pvisel\u0151test\u00fclet hat\u00e1sk\u00f6r\u00e9be tartoz\u00f3 k\u00e9rd\u00e9seket amelyek a fiatalok \u00e9rdekeiben vannak \u00e9s v\u00e9lem\u00e9nyt ad a K\u00e9pvisel\u0151test\u00fcletnek a jogi [&hellip;]<\/p>\n","protected":false},"author":4,"featured_media":0,"parent":4867,"menu_order":5,"comment_status":"closed","ping_status":"open","template":"","meta":[],"_links":{"self":[{"href":"https:\/\/knezevi-vinogradi.hr\/hu\/wp-json\/wp\/v2\/pages\/4910\/"}],"collection":[{"href":"https:\/\/knezevi-vinogradi.hr\/hu\/wp-json\/wp\/v2\/pages\/"}],"about":[{"href":"https:\/\/knezevi-vinogradi.hr\/hu\/wp-json\/wp\/v2\/types\/page\/"}],"author":[{"embeddable":true,"href":"https:\/\/knezevi-vinogradi.hr\/hu\/wp-json\/wp\/v2\/users\/4\/"}],"replies":[{"embeddable":true,"href":"https:\/\/knezevi-vinogradi.hr\/hu\/wp-json\/wp\/v2\/comments\/?post=4910"}],"version-history":[{"count":2,"href":"https:\/\/knezevi-vinogradi.hr\/hu\/wp-json\/wp\/v2\/pages\/4910\/revisions\/"}],"predecessor-version":[{"id":5226,"href":"https:\/\/knezevi-vinogradi.hr\/hu\/wp-json\/wp\/v2\/pages\/4910\/revisions\/5226\/"}],"up":[{"embeddable":true,"href":"https:\/\/knezevi-vinogradi.hr\/hu\/wp-json\/wp\/v2\/pages\/4867\/"}],"wp:attachment":[{"href":"https:\/\/knezevi-vinogradi.hr\/hu\/wp-json\/wp\/v2\/media\/?parent=4910"}],"curies":[{"name":"wp","href":"https:\/\/api.w.org\/{rel}","templated":true}]}}

Ifjúsági tanács

<p>A Hercegszöllősi Járás Ifjúsági tanácsa tanácsadó testülete a Képviselőtestületnek amely azzal a céllal alakúlt, hogy aktívan bekapcsolja a fiatalokat a Hercegszöllősi Járás közéletébe. Az Ifjúsági tanács a hatáskörében megvitatja a lényeges kérdéseket az Ifjúsági tanács munkáját illetően, valamint a Képviselőtestület hatáskörébe tartozó kérdéseket amelyek a fiatalok érdekeiben vannak és véleményt ad a Képviselőtestületnek a jogi rendeletek elfogadásában amelyek fontosak a fiatalok számára.</p>
<p>Az Ifjúsági tanács javasol a Képviselőtestületnek olyan rendeletek elfogadását amelyek fontosak a fiatalok helyzetének előrehaladásának intézkedéseket a szükséges programok és döntéseket végrehajtéséhoza fiatalok ellátásához és tárgyalást javasol a fiatalonak fontos kérdések megvitatásáról és megoldásáról.</p>
<p>A Hercegszöllősi Ifjúsági tanácsnak 5 tagja van beleértve az elnököt és az elnök helyettest. A tagok a Hercegszöllősi Járás területéről való fiatalok 15-től-30 éves korosztály.</p>
<p>Ifjúsági tanács tagjai &#8211; 2014.:</p>
<p>• Banović Ružica<br />
• Kedveš Mihalj – elnök<br />
• Mirković Tijana – elnök helyettes<br />
• Palko Ivona<br />
• Šuba Antonio</p>
<p>Facebook: <a href="https://www.facebook.com/pages/Savjet-mladih-Op%C4%87ine-Kn-Vinogradi/1549768718606450?fref=ts" target="_blank">A Hercegszöllősi Járás Ifjúsági tanácsa</a></p>

<p>A Hercegszöllősi Járás Ifjúsági tanácsa tanácsadó testülete a Képviselőtestületnek amely azzal a céllal alakúlt, hogy aktívan bekapcsolja a fiatalokat a Hercegszöllősi Járás közéletébe. Az Ifjúsági tanács a hatáskörében megvitatja a lényeges kérdéseket az Ifjúsági tanács munkáját illetően, valamint a Képviselőtestület hatáskörébe tartozó kérdéseket amelyek a fiatalok érdekeiben vannak és véleményt ad a Képviselőtestületnek a jogi [&hellip;]</p>
